at is the tens digit of h?
9
Let z = -468 + 471. Suppose 3*k + 8*m = 4*m + 1834, -z*m - 620 = -k. What is the tens digit of k?
1
What is the ten thousands digit of 42981/3 + 31 + -14?
1
What is the tens digit of -22637*-3*(-7)/(-21)?
3
Let m(a) = -14*a + 3008. What is the units digit of m(20)?
8
Let a = -25703 - -44810. What is the thousands digit of a?
9
Let n be (-64)/24*3/(-2). Suppose 2*t + 18 = 2*k - k, -5*k = -n*t - 90. Suppose w + 2*w + 15 = 0, -f + k = -2*w. What is the units digit of f?
8
Let o be 0 - 285/(-27) - 8/(-18). What is the hundreds digit of -1*3*(o + -64) - 1?
1
Suppose 4*r - 20 = -3*i - 12, -11 = -4*i - 5*r. Let u = 63 + i. What is the units digit of u?
7
Let p = -147 + 560. Let n = p - 288. What is the hundreds digit of n?
1
Suppose -8*i = -13*i - 975. Let d = i + 456. What is the tens digit of d?
6
Let i = 154694 - 98149. What is the tens digit of i?
4
Let i = 14 - -382. Suppose l + i = 3*a, 0 = -2*l + 9 - 3. Let t = -47 + a. What is the tens digit of t?
8
Let g be -3 - (-29 - -1) - (-2 - -3). Suppose 0 = 15*b - g*b + 3960. What is the units digit of b?
0
Let w = -5611 + 16353. What is the ten thousands digit of w?
1
Let g(n) = n**3 + 9*n**2 - 10*n + 1. Suppose 3*w = 6*w + 30. Let r be g(w). What is the units digit of r - (-9)/1*5?
6
Suppose -u + 4*u + 2*k - 29 = 0, -u - 2*k + 15 = 0. Let j be 1/u + (1328/56)/2. Suppose -138*f + 136*f = -j. What is the units digit of f?
6
Let u(r) = r**2 - 2*r - 27. Let f be u(9). Let l be (-750)/f + 0 + 3/(-18). Let k = l - -39. What is the units digit of k?
8
Let l be (-2)/(-5) - 30/75. Suppose l = -0*u + 3*u - 39. Suppose -4*d - u = -185. What is the tens digit of d?
4
Suppose 4*p - 18 - 10 = 0. Suppose p*r - 9*r - 142 = 0. Let g = r - -122. What is the units digit of g?
1
Suppose -18*i - 2*i - 7*i = 0. Suppose i = 176*r - 174*r - 1234. What is the hundreds digit of r?
6
What is the thousands digit of (6/(-1))/((-21)/8799)?
2
Suppose -28*p + 72 = -40. Suppose v - 5*v + 1948 = p*i, 0 = 2*v + 3*i - 978. What is the hundreds digit of v?
4
Suppose -i + w = -160, 2*i - 306 = -9*w + 4*w. Suppose 0*q = -3*m + 2*q - i, 216 = -4*m + 4*q. Let o = 113 + m. What is the tens digit of o?
6
Let h = -259 - -287. Suppose h*r - 17048 = -2236. What is the units digit of r?
9
Let u = 38 - 36. Suppose 4 = u*v - 0. Suppose -2*s + v*m + 218 = 0, -s + 443 = 3*s + 3*m. What is the hundreds digit of s?
1
Let h = 192 - 195. Suppose -3*f - i = 2*f + 445, -3*i + 285 = -3*f. What is the units digit of 19/(5*h/f)?
4
Suppose -863 + 211 = -2*w. Let v = w - 76. Let q = -177 + v. What is the units digit of q?
3
Suppose -6451114 + 1791963 = -259*u. What is the hundreds digit of u?
9
Let u = -151 + 153. Suppose -3*r = m + 4 - 79, -181 = -3*m + u*r. What is the tens digit of m?
6
Let x = 17718 - 31614. What is the hundreds digit of (2/6)/((-24)/x)?
1
Suppose 589 + 9023 = 27*m. Suppose -628 = -8*l + m. What is the hundreds digit of l?
1
Let s(a) = -8*a + 10*a + 3*a - 32 + a. Suppose 72*p - 68*p = 60. What is the units digit of s(p)?
8
Let l = 18849 - 10072. What is the units digit of l?
7
What is the thousands digit of 147232/(-24)*6/(-8)?
4
Suppose -n + 43647 = -5*s + 1053, 0 = s + 1. What is the ten thousands digit of n?
4
What is the ten thousands digit of (-15)/(-18) - (-4207721)/102?
4
Suppose -20742 - 32606 - 22348 = -38*m. What is the thousands digit of m?
1
Let h = -20097 - -42257. What is the tens digit of h?
6
Let b(n) = 1345*n**2 + 593*n - 6. What is the units digit of b(4)?
6
Suppose -42*l = -32*l - 20. Suppose -2*g - 993 = -3*s + 3*g, 4*s + l*g - 1350 = 0. What is the tens digit of s?
3
Let l(o) = o**3 - 13*o**2 + 6*o + 25. Let v(r) = -r**2 - 9*r + 23. Suppose 4*n + 40 = -3*x, 4*n + 25 = 5*x - 15. Let b be v(n). What is the units digit of l(b)?
3
What is the hundreds digit of -13 + 3513 + (-20)/5?
4
Let k = 5 + -3. Let i(u) = -u**3 - 21*u**2 - 21*u - 15. Let x be i(-20). Suppose -x*w - 142 = -f, w = -w - k. What is the hundreds digit of f?
1
Let f be -122*((-438)/12 + -3). Suppose f = 5*o - 231. What is the thousands digit of o?
1
Let u(z) = -2*z - 1. Let b(v) = 3*v**2 + 10*v - 79. Let c(x) = b(x) + 5*u(x). What is the tens digit of c(9)?
5
Let x(k) = 2*k**2 + 40*k + 1074. What is the units digit of x(-42)?
2
Let f = 6928 + -4043. What is the thousands digit of f?
2
Suppose -5*a + o + 4773 = 0, 3*a + o + 136 = 2995. What is the hundreds digit of (0 + a/6)*3?
4
Let c = -216 + 525. Let m = 651 - c. Suppose 0 = 9*v - 3*v - m. What is the units digit of v?
7
Let h(j) = 10*j**2 - 3*j - 7. Let o be h(-2). Suppose 44*f - o*f = 4865. What is the units digit of f?
3
Let f(t) be the first derivative of 90*t**2 - 182*t + 88. What is the tens digit of f(10)?
1
Let f be (-48)/60*((-105)/6)/7. What is the units digit of (-4)/(-14) - (9278/(-7))/f?
3
Suppose 803*m - 4*q - 166226 = 800*m, -5*m - 5*q + 277055 = 0. What is the tens digit of m?
1
Let x(u) = 2*u**2 - 22*u - 48. Let f be x(13). Suppose 2*z = -f + 2, 2*z - 582 = -c. What is the units digit of c?
4
Let s = 20 + -10. Suppose s = -4*g + 26. Suppose 2*d + 0*d = -b + 343, g*b = 20. What is the units digit of d?
9
Let n(v) = v**2 - 2*v - 14. Let d be n(7). Let m = 23 - d. Suppose -20 - 72 = -m*z. What is the tens digit of z?
4
Let f be (116 + 2)*15/(-30). Let p = f + 97. What is the tens digit of p?
3
Let a(t) = 6*t + 46*t**2 - 45*t**2 + 0*t - 16. Let q be a(-8). What is the hundreds digit of q - 9/(9/(-158))?
1
Suppose -17*i - u + 2797 = -14*i, 0 = -4*i + 3*u + 3725. Suppose i = 2*g - r, 924 = g + g - 5*r. What is the hundreds digit of g?
4
Let w(f) = 19*f - 12. Let b be w(0). What is the hundreds digit of (-7324)/(-24) - (-2)/b?
3
Let j = 532 - 358. What is the units digit of j/((-1)/((-11)/3 + 3))?
6
Let j(i) be the first derivative of i**5/60 + i**4/3 + 35*i**3/6 - 15*i**2/2 - 10. Let q(r) be the second derivative of j(r). What is the tens digit of q(-9)?
4
Let w(u) = 22*u - 178. Let g(r) = r - 1. Let d(s) = 12*g(s) - w(s). What is the hundreds digit of d(0)?
1
Let r(g) = 9*g**2 - 36*g + 349. What is the ten thousands digit of r(35)?
1
Suppose 177*n - 356 = 175*n. Suppose -22 = -5*u + n. What is the tens digit of u?
4
Let s be 4/(((-5)/5)/(-1)). Suppose -p = s, -5*n = -2*n - 5*p - 1829. What is the units digit of n?
3
Suppose 0 = 134*z - 466*z + 808180 + 168896. What is the hundreds digit of z?
9
Suppose -2*a + p = -a - 4, 5*p = 0. Suppose 265 = a*j + j. Suppose -2*d + 61 = -5*y, -d - 3*y = 2*y - j. What is the units digit of d?
8
Let k = -18 + 18. Suppose -2*v + 3*y + 356 = k, -4*v + 5*y + 295 = -421. What is the tens digit of v?
8
Let d(b) = 17*b**2 + 16*b - 49. Let v(j) = 6*j**2 + 5*j - 16. Let u(p) = 4*d(p) - 11*v(p). Let i be u(-6). What is the tens digit of (2 - 1)*i*-2 - -138?
4
Let m = 105 - -410. Suppose 3*g = g + 5*d - 14, -13 = g - 4*d. Suppose 5*h - g*c = -0*h + m, -c - 309 = -3*h. What is the units digit of h?
3
Suppose 0 = -2*r - z + 17440, 0 = -43*r + 41*r - 5*z + 17456. What is the hundreds digit of r?
7
What is the hundreds digit of (10214 - (-255)/15) + -2 + -5 + 2?
2
Let p = 5 + -23. Suppose -74 = -4*q - 3*w, 5*q + 19*w = 20*w + 102. Let k = q + p. What is the units digit of k?
2
Let c(o) = o**3 - 5*o**2 + 8*o - 8. Let h(v) = -4*v + 20. Let f be h(-5). Let s be f/(-35)*(-28)/8. What is the units digit of c(s)?
8
Let b = -6 + -4. Let v be (-224)/(-35)*b/(-4). Let s(a) = -a**3 + 16*a**2 + 5*a + 11. What is the tens digit of s(v)?
9
Suppose -b - 28*x = -27*x - 7973, 4*x + 7973 = b. What is the tens digit of b?
7
Suppose -22 + 4 = 6*v. What is the tens digit of 14/(204/(-69) - v)?
2
Let l(v) = -v**2 - 16*v + 2. Suppose 3*i + 68 - 32 = 0. What is the units digit of l(i)?
0
Let o be (-19)/(-7) - 2/(-7). Let w be -2 - 400/(-4) - o. Suppose b - w = 11. What is the tens digit of b?
0
Suppose 0 = 6*m - 10438 - 9626. Suppose 0 = -8*d + 10120 - m. What is the units digit of d?
7
Suppose 0*o - o = 60. Let r be (-1)/(-1) - o/(-2). Let a = 43 - r. What is the tens digit of a?
7
Let b = 1598 - 207. Suppose -b + 125 = -3*o. What is the hundreds digit of o?
4
Suppose -8*l + 726 = -5*l. Suppose -v + 4 = -3*v, -5*v = 3*f - l. Suppose f = 3*s - 105. What is the tens digit of s?
6
Suppose 110 = 5*z - o, 0*z - o + 16 = z. Suppose z*n + 423 = 24*n. What is the units 